{"id":1518,"date":"2022-10-02T19:27:23","date_gmt":"2022-10-02T19:27:23","guid":{"rendered":"https:\/\/www.econoparts.com\/?page_id=1518"},"modified":"2023-03-01T17:36:21","modified_gmt":"2023-03-01T17:36:21","slug":"mayoreo","status":"publish","type":"page","link":"https:\/\/www.econoparts.com\/?page_id=1518","title":{"rendered":"Mayoreo"},"content":{"rendered":"\t\t<div data-elementor-type=\"wp-page\" data-elementor-id=\"1518\" class=\"elementor elementor-1518\">\n\t\t\t\t\t\t<section class=\"elementor-section elementor-top-section elementor-element elementor-element-5ab529f elementor-section-boxed elementor-section-height-default elementor-section-height-default\" data-id=\"5ab529f\" data-element_type=\"section\" data-e-type=\"section\" data-settings=\"{&quot;background_background&quot;:&quot;classic&quot;}\">\n\t\t\t\t\t\t<div class=\"elementor-container elementor-column-gap-default\">\n\t\t\t\t\t<div class=\"elementor-column elementor-col-100 elementor-top-column elementor-element elementor-element-e50bdd6\" data-id=\"e50bdd6\" data-element_type=\"column\" data-e-type=\"column\">\n\t\t\t<div class=\"elementor-widget-wrap elementor-element-populated\">\n\t\t\t\t\t\t<div class=\"elementor-element elementor-element-59fd904 elementor-widget elementor-widget-text-editor\" data-id=\"59fd904\" data-element_type=\"widget\" data-e-type=\"widget\" data-widget_type=\"text-editor.default\">\n\t\t\t\t<div class=\"elementor-widget-container\">\n\t\t\t\t\t\t\t\t\t<h1 style=\"text-align: center;\"><span style=\"color: #fcd302;\"><strong>COMPRA EN L\u00cdNEA <span style=\"color: #ffffff;\">AL MAYOREO<\/span><\/strong><\/span><\/h1>\t\t\t\t\t\t\t\t<\/div>\n\t\t\t\t<\/div>\n\t\t\t\t<div class=\"elementor-element elementor-element-482be16 elementor-widget elementor-widget-text-editor\" data-id=\"482be16\" data-element_type=\"widget\" data-e-type=\"widget\" data-widget_type=\"text-editor.default\">\n\t\t\t\t<div class=\"elementor-widget-container\">\n\t\t\t\t\t\t\t\t\t<h5 style=\"text-align: center;\"><span style=\"color: #ffffff;\">Ingresa a nuestra plataforma y realiza tu compra desde la comodidad de tu hogar o negocio.<\/span><\/h5>\t\t\t\t\t\t\t\t<\/div>\n\t\t\t\t<\/div>\n\t\t\t\t<div class=\"elementor-element elementor-element-ea57ee4 elementor-align-center elementor-mobile-align-center elementor-widget elementor-widget-button\" data-id=\"ea57ee4\" data-element_type=\"widget\" data-e-type=\"widget\" data-widget_type=\"button.default\">\n\t\t\t\t<div class=\"elementor-widget-container\">\n\t\t\t\t\t\t\t\t\t<div class=\"elementor-button-wrapper\">\n\t\t\t\t\t<a class=\"elementor-button elementor-button-link elementor-size-md\" href=\"https:\/\/wa.me\/+50325058000?text=\u00a1Hola!+Quiero+cotizar+repuestos\" target=\"_blank\">\n\t\t\t\t\t\t<span class=\"elementor-button-content-wrapper\">\n\t\t\t\t\t\t\t\t\t<span class=\"elementor-button-text\">COTIZAR<\/span>\n\t\t\t\t\t<\/span>\n\t\t\t\t\t<\/a>\n\t\t\t\t<\/div>\n\t\t\t\t\t\t\t\t<\/div>\n\t\t\t\t<\/div>\n\t\t\t\t<section class=\"elementor-section elementor-inner-section elementor-element elementor-element-7f74676 elementor-section-boxed elementor-section-height-default elementor-section-height-default\" data-id=\"7f74676\" data-element_type=\"section\" data-e-type=\"section\">\n\t\t\t\t\t\t<div class=\"elementor-container elementor-column-gap-default\">\n\t\t\t\t\t<div class=\"elementor-column elementor-col-50 elementor-inner-column elementor-element elementor-element-0234828\" data-id=\"0234828\" data-element_type=\"column\" data-e-type=\"column\">\n\t\t\t<div class=\"elementor-widget-wrap elementor-element-populated\">\n\t\t\t\t\t\t<div class=\"elementor-element elementor-element-feda1c4 elementor-widget elementor-widget-text-editor\" data-id=\"feda1c4\" data-element_type=\"widget\" data-e-type=\"widget\" data-widget_type=\"text-editor.default\">\n\t\t\t\t<div class=\"elementor-widget-container\">\n\t\t\t\t\t\t\t\t\t<p style=\"text-align: justify;\"><span style=\"color: #ffffff;\"><strong>ECONOPARTS<\/strong>\u00a0cuenta una red integral al servicio de nuestros clientes de mayoreo, con personal altamente capacitado que brinda una asesor\u00eda completa enfocada en maximizar el trabajo y la inversi\u00f3n de nuestros clientes.<\/span><\/p><p style=\"text-align: justify;\"><span style=\"color: #ffffff;\">Ofrecemos un inventario completo y estrat\u00e9gico de repuestos y lubricantes con marcas l\u00edderes a nivel mundial, brindamos el beneficio de precios por compras al mayoreo, asegurando que todos los productos distribuidos por\u00a0<strong>ECONOPARTS<\/strong>\u00a0satisfagan plenamente las necesidades del mercado salvadore\u00f1o.<\/span><\/p>\t\t\t\t\t\t\t\t<\/div>\n\t\t\t\t<\/div>\n\t\t\t\t\t<\/div>\n\t\t<\/div>\n\t\t\t\t<div class=\"elementor-column elementor-col-50 elementor-inner-column elementor-element elementor-element-e859b0f\" data-id=\"e859b0f\" data-element_type=\"column\" data-e-type=\"column\">\n\t\t\t<div class=\"elementor-widget-wrap elementor-element-populated\">\n\t\t\t\t\t\t<div class=\"elementor-element elementor-element-7682ca9 elementor-widget elementor-widget-image\" data-id=\"7682ca9\" data-element_type=\"widget\" data-e-type=\"widget\" data-widget_type=\"image.default\">\n\t\t\t\t<div class=\"elementor-widget-container\">\n\t\t\t\t\t\t\t\t\t\t\t\t\t\t\t<img fetchpriority=\"high\" decoding=\"async\" width=\"800\" height=\"533\" src=\"\/wp-content\/uploads\/2022\/10\/econoparts_feb_2014_33.jpg\" class=\"attachment-large size-large wp-image-1561\" alt=\"\" srcset=\"\/wp-content\/uploads\/2022\/10\/econoparts_feb_2014_33.jpg 800w, \/wp-content\/uploads\/2022\/10\/econoparts_feb_2014_33-300x200.jpg 300w, \/wp-content\/uploads\/2022\/10\/econoparts_feb_2014_33-768x512.jpg 768w\" sizes=\"(max-width: 800px) 100vw, 800px\" \/>\t\t\t\t\t\t\t\t\t\t\t\t\t\t\t<\/div>\n\t\t\t\t<\/div>\n\t\t\t\t\t<\/div>\n\t\t<\/div>\n\t\t\t\t\t<\/div>\n\t\t<\/section>\n\t\t\t\t\t<\/div>\n\t\t<\/div>\n\t\t\t\t\t<\/div>\n\t\t<\/section>\n\t\t\t\t<section class=\"elementor-section elementor-top-section elementor-element elementor-element-4c3212d elementor-section-boxed elementor-section-height-default elementor-section-height-default\" data-id=\"4c3212d\" data-element_type=\"section\" data-e-type=\"section\">\n\t\t\t\t\t\t<div class=\"elementor-container elementor-column-gap-default\">\n\t\t\t\t\t<div class=\"elementor-column elementor-col-100 elementor-top-column elementor-element elementor-element-3364c59\" data-id=\"3364c59\" data-element_type=\"column\" data-e-type=\"column\">\n\t\t\t<div class=\"elementor-widget-wrap elementor-element-populated\">\n\t\t\t\t\t\t<section class=\"elementor-section elementor-inner-section elementor-element elementor-element-3800410 elementor-section-boxed elementor-section-height-default elementor-section-height-default\" data-id=\"3800410\" data-element_type=\"section\" data-e-type=\"section\">\n\t\t\t\t\t\t<div class=\"elementor-container elementor-column-gap-default\">\n\t\t\t\t\t<div class=\"elementor-column elementor-col-50 elementor-inner-column elementor-element elementor-element-af13a17\" data-id=\"af13a17\" data-element_type=\"column\" data-e-type=\"column\">\n\t\t\t<div class=\"elementor-widget-wrap elementor-element-populated\">\n\t\t\t\t\t\t<div class=\"elementor-element elementor-element-3dac226 elementor-widget elementor-widget-image\" data-id=\"3dac226\" data-element_type=\"widget\" data-e-type=\"widget\" data-widget_type=\"image.default\">\n\t\t\t\t<div class=\"elementor-widget-container\">\n\t\t\t\t\t\t\t\t\t\t\t\t\t\t\t<img decoding=\"async\" src=\"\/wp-content\/uploads\/2022\/10\/cajas-icon.png\" title=\"cajas-icon\" alt=\"cajas-icon\" loading=\"lazy\" \/>\t\t\t\t\t\t\t\t\t\t\t\t\t\t\t<\/div>\n\t\t\t\t<\/div>\n\t\t\t\t\t<\/div>\n\t\t<\/div>\n\t\t\t\t<div class=\"elementor-column elementor-col-50 elementor-inner-column elementor-element elementor-element-3cecdd8\" data-id=\"3cecdd8\" data-element_type=\"column\" data-e-type=\"column\">\n\t\t\t<div class=\"elementor-widget-wrap elementor-element-populated\">\n\t\t\t\t\t\t<div class=\"elementor-element elementor-element-baa5503 elementor-widget elementor-widget-text-editor\" data-id=\"baa5503\" data-element_type=\"widget\" data-e-type=\"widget\" data-widget_type=\"text-editor.default\">\n\t\t\t\t<div class=\"elementor-widget-container\">\n\t\t\t\t\t\t\t\t\t<p style=\"text-align: justify;\">Nuestro centro de distribuci\u00f3n est\u00e1 ubicado en kil\u00f3metro 91\/2 carretera La Libertad \u2013 Santa Tecla, cuentan con tecnolog\u00eda avanzada y un completo departamento de telemercadeo enfocado en atender de forma inmediata y ofrecer un centro de soluciones a tu servicio, somos los \u00fanicos con un moderno sistema de toma de pedidos con la m\u00e1s alta tecnolog\u00eda que nos permite observar el inventario actual y realizar pedidos inmediatamente.<\/p>\n<p style=\"text-align: justify;\">Contamos con rutas eficiencientes de reparto a clientes Mayoreo a nivel nacional, siendo los 1\u00ba en ofrecer un servicio con respuestas de 4 horas m\u00e1ximas; es por ello que somos los Distribuidores mas grandes en repuestos y lubricantes del pa\u00eds.<\/p>\t\t\t\t\t\t\t\t<\/div>\n\t\t\t\t<\/div>\n\t\t\t\t\t<\/div>\n\t\t<\/div>\n\t\t\t\t\t<\/div>\n\t\t<\/section>\n\t\t\t\t<section class=\"elementor-section elementor-inner-section elementor-element elementor-element-e052974 elementor-section-boxed elementor-section-height-default elementor-section-height-default\" data-id=\"e052974\" data-element_type=\"section\" data-e-type=\"section\">\n\t\t\t\t\t\t<div class=\"elementor-container elementor-column-gap-default\">\n\t\t\t\t\t<div class=\"elementor-column elementor-col-100 elementor-inner-column elementor-element elementor-element-40bf722\" data-id=\"40bf722\" data-element_type=\"column\" data-e-type=\"column\">\n\t\t\t<div class=\"elementor-widget-wrap elementor-element-populated\">\n\t\t\t\t\t\t<div class=\"elementor-element elementor-element-58e3874 elementor-widget elementor-widget-text-editor\" data-id=\"58e3874\" data-element_type=\"widget\" data-e-type=\"widget\" data-widget_type=\"text-editor.default\">\n\t\t\t\t<div class=\"elementor-widget-container\">\n\t\t\t\t\t\t\t\t\t<h2 style=\"text-align: center;\"><span style=\"color: #000000;\"><strong>Obten m\u00e1s informaci\u00f3n<\/strong><\/span><\/h2>\t\t\t\t\t\t\t\t<\/div>\n\t\t\t\t<\/div>\n\t\t\t\t<div class=\"elementor-element elementor-element-912dbae elementor-align-center elementor-widget elementor-widget-button\" data-id=\"912dbae\" data-element_type=\"widget\" data-e-type=\"widget\" data-widget_type=\"button.default\">\n\t\t\t\t<div class=\"elementor-widget-container\">\n\t\t\t\t\t\t\t\t\t<div class=\"elementor-button-wrapper\">\n\t\t\t\t\t<a class=\"elementor-button elementor-button-link elementor-size-xl\" href=\"tel:2505-8021\">\n\t\t\t\t\t\t<span class=\"elementor-button-content-wrapper\">\n\t\t\t\t\t\t<span class=\"elementor-button-icon\">\n\t\t\t\t<i aria-hidden=\"true\" class=\"fas fa-phone-alt\"><\/i>\t\t\t<\/span>\n\t\t\t\t\t\t\t\t\t<span class=\"elementor-button-text\">2505-8021<\/span>\n\t\t\t\t\t<\/span>\n\t\t\t\t\t<\/a>\n\t\t\t\t<\/div>\n\t\t\t\t\t\t\t\t<\/div>\n\t\t\t\t<\/div>\n\t\t\t\t\t<\/div>\n\t\t<\/div>\n\t\t\t\t\t<\/div>\n\t\t<\/section>\n\t\t\t\t\t<\/div>\n\t\t<\/div>\n\t\t\t\t\t<\/div>\n\t\t<\/section>\n\t\t\t\t<section class=\"elementor-section elementor-top-section elementor-element elementor-element-8fb62aa elementor-section-full_width elementor-section-height-default elementor-section-height-default\" data-id=\"8fb62aa\" data-element_type=\"section\" data-e-type=\"section\">\n\t\t\t\t\t\t<div class=\"elementor-container elementor-column-gap-default\">\n\t\t\t\t\t<div class=\"elementor-column elementor-col-100 elementor-top-column elementor-element elementor-element-4b534c5\" data-id=\"4b534c5\" data-element_type=\"column\" data-e-type=\"column\">\n\t\t\t<div class=\"elementor-widget-wrap elementor-element-populated\">\n\t\t\t\t\t\t<div class=\"elementor-element elementor-element-75da975 elementor-widget elementor-widget-image-gallery\" data-id=\"75da975\" data-element_type=\"widget\" data-e-type=\"widget\" data-widget_type=\"image-gallery.default\">\n\t\t\t\t<div class=\"elementor-widget-container\">\n\t\t\t\t\t\t\t<div class=\"elementor-image-gallery\">\n\t\t\t<div id='gallery-1' class='gallery galleryid-1518 gallery-columns-3 gallery-size-full'><figure class='gallery-item'>\n\t\t\t<div class='gallery-icon landscape'>\n\t\t\t\t<a data-elementor-open-lightbox=\"yes\" data-elementor-lightbox-slideshow=\"75da975\" data-elementor-lightbox-title=\"Centro de distribuci\u00f3n EP3\" data-e-action-hash=\"#elementor-action%3Aaction%3Dlightbox%26settings%3DeyJpZCI6MTU3NSwidXJsIjoiXC93cC1jb250ZW50XC91cGxvYWRzXC8yMDIyXC8xMFwvQ2VudHJvLWRlLWRpc3RyaWJ1Y2lvbi1FUDMuanBnIiwic2xpZGVzaG93IjoiNzVkYTk3NSJ9\" href='\/wp-content\/uploads\/2022\/10\/Centro-de-distribucion-EP3.jpg'><img decoding=\"async\" width=\"800\" height=\"533\" src=\"\/wp-content\/uploads\/2022\/10\/Centro-de-distribucion-EP3.jpg\" class=\"attachment-full size-full\" alt=\"\" srcset=\"\/wp-content\/uploads\/2022\/10\/Centro-de-distribucion-EP3.jpg 800w, \/wp-content\/uploads\/2022\/10\/Centro-de-distribucion-EP3-300x200.jpg 300w, \/wp-content\/uploads\/2022\/10\/Centro-de-distribucion-EP3-768x512.jpg 768w\" sizes=\"(max-width: 800px) 100vw, 800px\" \/><\/a>\n\t\t\t<\/div><\/figure><figure class='gallery-item'>\n\t\t\t<div class='gallery-icon landscape'>\n\t\t\t\t<a data-elementor-open-lightbox=\"yes\" data-elementor-lightbox-slideshow=\"75da975\" data-elementor-lightbox-title=\"Centro de distribuci\u00f3n EP2\" data-e-action-hash=\"#elementor-action%3Aaction%3Dlightbox%26settings%3DeyJpZCI6MTU3NCwidXJsIjoiXC93cC1jb250ZW50XC91cGxvYWRzXC8yMDIyXC8xMFwvQ2VudHJvLWRlLWRpc3RyaWJ1Y2lvbi1FUDIuanBnIiwic2xpZGVzaG93IjoiNzVkYTk3NSJ9\" href='\/wp-content\/uploads\/2022\/10\/Centro-de-distribucion-EP2.jpg'><img decoding=\"async\" width=\"800\" height=\"533\" src=\"\/wp-content\/uploads\/2022\/10\/Centro-de-distribucion-EP2.jpg\" class=\"attachment-full size-full\" alt=\"\" srcset=\"\/wp-content\/uploads\/2022\/10\/Centro-de-distribucion-EP2.jpg 800w, \/wp-content\/uploads\/2022\/10\/Centro-de-distribucion-EP2-300x200.jpg 300w, \/wp-content\/uploads\/2022\/10\/Centro-de-distribucion-EP2-768x512.jpg 768w\" sizes=\"(max-width: 800px) 100vw, 800px\" \/><\/a>\n\t\t\t<\/div><\/figure><figure class='gallery-item'>\n\t\t\t<div class='gallery-icon landscape'>\n\t\t\t\t<a data-elementor-open-lightbox=\"yes\" data-elementor-lightbox-slideshow=\"75da975\" data-elementor-lightbox-title=\"Centro de distribuci\u00f3n EP\" data-e-action-hash=\"#elementor-action%3Aaction%3Dlightbox%26settings%3DeyJpZCI6MTU3MywidXJsIjoiXC93cC1jb250ZW50XC91cGxvYWRzXC8yMDIyXC8xMFwvQ2VudHJvLWRlLWRpc3RyaWJ1Y2lvbi1FUC5qcGciLCJzbGlkZXNob3ciOiI3NWRhOTc1In0%3D\" href='\/wp-content\/uploads\/2022\/10\/Centro-de-distribucion-EP.jpg'><img loading=\"lazy\" decoding=\"async\" width=\"800\" height=\"533\" src=\"\/wp-content\/uploads\/2022\/10\/Centro-de-distribucion-EP.jpg\" class=\"attachment-full size-full\" alt=\"\" srcset=\"\/wp-content\/uploads\/2022\/10\/Centro-de-distribucion-EP.jpg 800w, \/wp-content\/uploads\/2022\/10\/Centro-de-distribucion-EP-300x200.jpg 300w, \/wp-content\/uploads\/2022\/10\/Centro-de-distribucion-EP-768x512.jpg 768w\" sizes=\"(max-width: 800px) 100vw, 800px\" \/><\/a>\n\t\t\t<\/div><\/figure>\n\t\t<\/div>\n\t\t<\/div>\n\t\t\t\t\t\t<\/div>\n\t\t\t\t<\/div>\n\t\t\t\t\t<\/div>\n\t\t<\/div>\n\t\t\t\t\t<\/div>\n\t\t<\/section>\n\t\t\t\t<\/div>\n\t\t","protected":false},"excerpt":{"rendered":"<p>COMPRA EN L\u00cdNEA AL MAYOREO Ingresa a nuestra plataforma y realiza tu compra desde la comodidad de tu hogar o negocio. COTIZAR ECONOPARTS\u00a0cuenta una red integral al servicio de nuestros clientes de mayoreo, con personal altamente capacitado que brinda una asesor\u00eda completa enfocada en maximizar el trabajo y la inversi\u00f3n de nuestros clientes. Ofrecemos un [&hellip;]<\/p>\n","protected":false},"author":1,"featured_media":0,"parent":0,"menu_order":0,"comment_status":"closed","ping_status":"closed","template":"elementor_header_footer","meta":{"site-sidebar-layout":"no-sidebar","site-content-layout":"page-builder","ast-site-content-layout":"default","site-content-style":"default","site-sidebar-style":"default","ast-global-header-display":"","ast-banner-title-visibility":"","ast-main-header-display":"","ast-hfb-above-header-display":"","ast-hfb-below-header-display":"","ast-hfb-mobile-header-display":"","site-post-title":"disabled","ast-breadcrumbs-content":"","ast-featured-img":"disabled","footer-sml-layout":"","theme-transparent-header-meta":"","adv-header-id-meta":"","stick-header-meta":"","header-above-stick-meta":"","header-main-stick-meta":"","header-below-stick-meta":"","astra-migrate-meta-layouts":"default","ast-page-background-enabled":"default","ast-page-background-meta":{"desktop":{"background-color":"var(--ast-global-color-4)","background-image":"","background-repeat":"repeat","background-position":"center center","background-size":"auto","background-attachment":"scroll","background-type":"","background-media":"","overlay-type":"","overlay-color":"","overlay-opacity":"","overlay-gradient":""},"tablet":{"background-color":"","background-image":"","background-repeat":"repeat","background-position":"center center","background-size":"auto","background-attachment":"scroll","background-type":"","background-media":"","overlay-type":"","overlay-color":"","overlay-opacity":"","overlay-gradient":""},"mobile":{"background-color":"","background-image":"","background-repeat":"repeat","background-position":"center center","background-size":"auto","background-attachment":"scroll","background-type":"","background-media":"","overlay-type":"","overlay-color":"","overlay-opacity":"","overlay-gradient":""}},"ast-content-background-meta":{"desktop":{"background-color":"var(--ast-global-color-5)","background-image":"","background-repeat":"repeat","background-position":"center center","background-size":"auto","background-attachment":"scroll","background-type":"","background-media":"","overlay-type":"","overlay-color":"","overlay-opacity":"","overlay-gradient":""},"tablet":{"background-color":"var(--ast-global-color-5)","background-image":"","background-repeat":"repeat","background-position":"center center","background-size":"auto","background-attachment":"scroll","background-type":"","background-media":"","overlay-type":"","overlay-color":"","overlay-opacity":"","overlay-gradient":""},"mobile":{"background-color":"var(--ast-global-color-5)","background-image":"","background-repeat":"repeat","background-position":"center center","background-size":"auto","background-attachment":"scroll","background-type":"","background-media":"","overlay-type":"","overlay-color":"","overlay-opacity":"","overlay-gradient":""}},"footnotes":""},"class_list":["post-1518","page","type-page","status-publish","hentry"],"yoast_head":"<!-- This site is optimized with the Yoast SEO plugin v27.5 - https:\/\/yoast.com\/product\/yoast-seo-wordpress\/ -->\n<title>Mayoreo - Econoparts<\/title>\n<meta name=\"robots\" content=\"index, follow, max-snippet:-1, max-image-preview:large, max-video-preview:-1\" \/>\n<link rel=\"canonical\" href=\"https:\/\/www.econoparts.com\/?page_id=1518\" \/>\n<meta property=\"og:locale\" content=\"es_ES\" \/>\n<meta property=\"og:type\" content=\"article\" \/>\n<meta property=\"og:title\" content=\"Mayoreo - Econoparts\" \/>\n<meta property=\"og:description\" content=\"COMPRA EN L\u00cdNEA AL MAYOREO Ingresa a nuestra plataforma y realiza tu compra desde la comodidad de tu hogar o negocio. COTIZAR ECONOPARTS\u00a0cuenta una red integral al servicio de nuestros clientes de mayoreo, con personal altamente capacitado que brinda una asesor\u00eda completa enfocada en maximizar el trabajo y la inversi\u00f3n de nuestros clientes. Ofrecemos un [&hellip;]\" \/>\n<meta property=\"og:url\" content=\"https:\/\/www.econoparts.com\/?page_id=1518\" \/>\n<meta property=\"og:site_name\" content=\"Econoparts\" \/>\n<meta property=\"article:modified_time\" content=\"2023-03-01T17:36:21+00:00\" \/>\n<meta name=\"twitter:card\" content=\"summary_large_image\" \/>\n<meta name=\"twitter:label1\" content=\"Tiempo de lectura\" \/>\n\t<meta name=\"twitter:data1\" content=\"2 minutos\" \/>\n<script type=\"application\/ld+json\" class=\"yoast-schema-graph\">{\"@context\":\"https:\\\/\\\/schema.org\",\"@graph\":[{\"@type\":\"WebPage\",\"@id\":\"https:\\\/\\\/www.econoparts.com\\\/?page_id=1518\",\"url\":\"https:\\\/\\\/www.econoparts.com\\\/?page_id=1518\",\"name\":\"Mayoreo - Econoparts\",\"isPartOf\":{\"@id\":\"https:\\\/\\\/www.econoparts.com\\\/#website\"},\"datePublished\":\"2022-10-02T19:27:23+00:00\",\"dateModified\":\"2023-03-01T17:36:21+00:00\",\"breadcrumb\":{\"@id\":\"https:\\\/\\\/www.econoparts.com\\\/?page_id=1518#breadcrumb\"},\"inLanguage\":\"es\",\"potentialAction\":[{\"@type\":\"ReadAction\",\"target\":[\"https:\\\/\\\/www.econoparts.com\\\/?page_id=1518\"]}]},{\"@type\":\"BreadcrumbList\",\"@id\":\"https:\\\/\\\/www.econoparts.com\\\/?page_id=1518#breadcrumb\",\"itemListElement\":[{\"@type\":\"ListItem\",\"position\":1,\"name\":\"Portada\",\"item\":\"https:\\\/\\\/www.econoparts.com\\\/\"},{\"@type\":\"ListItem\",\"position\":2,\"name\":\"Mayoreo\"}]},{\"@type\":\"WebSite\",\"@id\":\"https:\\\/\\\/www.econoparts.com\\\/#website\",\"url\":\"https:\\\/\\\/www.econoparts.com\\\/\",\"name\":\"Econoparts\",\"description\":\"Econoparts\",\"potentialAction\":[{\"@type\":\"SearchAction\",\"target\":{\"@type\":\"EntryPoint\",\"urlTemplate\":\"https:\\\/\\\/www.econoparts.com\\\/?s={search_term_string}\"},\"query-input\":{\"@type\":\"PropertyValueSpecification\",\"valueRequired\":true,\"valueName\":\"search_term_string\"}}],\"inLanguage\":\"es\"}]}<\/script>\n<!-- \/ Yoast SEO plugin. -->","yoast_head_json":{"title":"Mayoreo - Econoparts","robots":{"index":"index","follow":"follow","max-snippet":"max-snippet:-1","max-image-preview":"max-image-preview:large","max-video-preview":"max-video-preview:-1"},"canonical":"https:\/\/www.econoparts.com\/?page_id=1518","og_locale":"es_ES","og_type":"article","og_title":"Mayoreo - Econoparts","og_description":"COMPRA EN L\u00cdNEA AL MAYOREO Ingresa a nuestra plataforma y realiza tu compra desde la comodidad de tu hogar o negocio. COTIZAR ECONOPARTS\u00a0cuenta una red integral al servicio de nuestros clientes de mayoreo, con personal altamente capacitado que brinda una asesor\u00eda completa enfocada en maximizar el trabajo y la inversi\u00f3n de nuestros clientes. Ofrecemos un [&hellip;]","og_url":"https:\/\/www.econoparts.com\/?page_id=1518","og_site_name":"Econoparts","article_modified_time":"2023-03-01T17:36:21+00:00","twitter_card":"summary_large_image","twitter_misc":{"Tiempo de lectura":"2 minutos"},"schema":{"@context":"https:\/\/schema.org","@graph":[{"@type":"WebPage","@id":"https:\/\/www.econoparts.com\/?page_id=1518","url":"https:\/\/www.econoparts.com\/?page_id=1518","name":"Mayoreo - Econoparts","isPartOf":{"@id":"https:\/\/www.econoparts.com\/#website"},"datePublished":"2022-10-02T19:27:23+00:00","dateModified":"2023-03-01T17:36:21+00:00","breadcrumb":{"@id":"https:\/\/www.econoparts.com\/?page_id=1518#breadcrumb"},"inLanguage":"es","potentialAction":[{"@type":"ReadAction","target":["https:\/\/www.econoparts.com\/?page_id=1518"]}]},{"@type":"BreadcrumbList","@id":"https:\/\/www.econoparts.com\/?page_id=1518#breadcrumb","itemListElement":[{"@type":"ListItem","position":1,"name":"Portada","item":"https:\/\/www.econoparts.com\/"},{"@type":"ListItem","position":2,"name":"Mayoreo"}]},{"@type":"WebSite","@id":"https:\/\/www.econoparts.com\/#website","url":"https:\/\/www.econoparts.com\/","name":"Econoparts","description":"Econoparts","potentialAction":[{"@type":"SearchAction","target":{"@type":"EntryPoint","urlTemplate":"https:\/\/www.econoparts.com\/?s={search_term_string}"},"query-input":{"@type":"PropertyValueSpecification","valueRequired":true,"valueName":"search_term_string"}}],"inLanguage":"es"}]}},"_links":{"self":[{"href":"https:\/\/www.econoparts.com\/index.php?rest_route=\/wp\/v2\/pages\/1518","targetHints":{"allow":["GET"]}}],"collection":[{"href":"https:\/\/www.econoparts.com\/index.php?rest_route=\/wp\/v2\/pages"}],"about":[{"href":"https:\/\/www.econoparts.com\/index.php?rest_route=\/wp\/v2\/types\/page"}],"author":[{"embeddable":true,"href":"https:\/\/www.econoparts.com\/index.php?rest_route=\/wp\/v2\/users\/1"}],"replies":[{"embeddable":true,"href":"https:\/\/www.econoparts.com\/index.php?rest_route=%2Fwp%2Fv2%2Fcomments&post=1518"}],"version-history":[{"count":3,"href":"https:\/\/www.econoparts.com\/index.php?rest_route=\/wp\/v2\/pages\/1518\/revisions"}],"predecessor-version":[{"id":2184,"href":"https:\/\/www.econoparts.com\/index.php?rest_route=\/wp\/v2\/pages\/1518\/revisions\/2184"}],"wp:attachment":[{"href":"https:\/\/www.econoparts.com\/index.php?rest_route=%2Fwp%2Fv2%2Fmedia&parent=1518"}],"curies":[{"name":"wp","href":"https:\/\/api.w.org\/{rel}","templated":true}]}}